{"id":107,"date":"2022-10-16T14:44:32","date_gmt":"2022-10-16T12:44:32","guid":{"rendered":"https:\/\/dlarodziny.diecezjazg.pl\/?page_id=107"},"modified":"2023-02-20T20:24:12","modified_gmt":"2023-02-20T19:24:12","slug":"duchowa-adopcja-dziecka-poczetego","status":"publish","type":"page","link":"https:\/\/dlarodziny.diecezjazg.pl\/index.php\/duchowa-adopcja-dziecka-poczetego\/","title":{"rendered":"Duchowa Adopcja Dziecka Pocz\u0119tego"},"content":{"rendered":"<p><strong>Duchowa Adopcja Dziecka Pocz\u0119tego\u00a0\u00a0 \u00a0 <\/strong><\/p>\n<p>2 lutego 1994 roku Jan Pawe\u0142 II napisa\u0142 &#8222;List do Rodzin&#8221;, w kt\u00f3rym Ojciec \u015awi\u0119ty stwierdza\u0142: &#8222;rodzina jest drog\u0105 pierwsz\u0105 i najwa\u017cniejsz\u0105 Ko\u015bcio\u0142a&#8221;.\u00a0 Pisa\u0142 tam tak\u017ce, \u017ce mi\u0142o\u015b\u0107 najpe\u0142niej wyra\u017ca si\u0119 przez bezinteresowny dar z siebie dla drugiej osoby, za\u015b darem najbardziej urzeczywistniaj\u0105cym dobro wsp\u00f3lne rodziny jest nowo narodzony cz\u0142owiek, nie tylko jako cz\u0142owiek, ale jako &#8222;ten cz\u0142owiek&#8221;, stworzony przez Boga &#8222;dla Niego samego&#8221;.<\/p>\n<p>Dla cz\u0142owieka wierz\u0105cego nie istnieje przypadek. Wszystko w \u017cyciu ma jaki\u015b cel. Wszystko mo\u017ce by\u0107 znakiem Bo\u017cego wo\u0142ania i &#8222;czekania&#8221; na nasz\u0105 odpowied\u017a. Najwy\u017cszy czas, by\u015bmy zrozumieli, \u017ce \u017bycie jest \u015awi\u0119te, \u017ce Rodzina jest \u015bwi\u0119ta. Ka\u017cde \u017bycie i ka\u017cda Rodzina. Nie tylko ta z Nazaretu.\u00a0 A je\u017celi \u015bwi\u0119ta, to cz\u0142owiek musi podchodzi\u0107 do tego faktu z boja\u017ani\u0105 Bo\u017c\u0105. \u015aw. Pawe\u0142 m\u00f3wi o rodzinie jako o &#8222;wielkiej tajemnicy&#8221; \/por. Ef 5,32\/. A Jan Pawe\u0142 II wo\u0142a w &#8222;Li\u015bcie do rodzin&#8221;: &#8222;Wy, kt\u00f3rzy rodzicie Wasze dzieci dla ziemskiej ojczyzny, nie zapominajcie, \u017ce rodzicie je r\u00f3wnocze\u015bnie dla Boga&#8221; \/p.22\/ i dalej: &#8222;poprzez rodzin\u0119 tocz\u0105 si\u0119 dzieje cz\u0142owieka, dzieje zbawienia ludzko\u015bci&#8221; \/p.23\/.<br \/>\nB\u00f3g przyszed\u0142 na \u015bwiat w Rodzinie &#8211; nie wolno nam tego przemilcza\u0107. By\u0142 w tej Rodzinie tak\u017ce dziewi\u0119\u0107 miesi\u0119cy przed Narodzeniem. Tego te\u017c nie wolno przemilcza\u0107.<\/p>\n<p>\u015awi\u0119to Zwiastowania Pa\u0144skiego obchodzone jest od d\u0142u\u017cszego czasu w Polsce, a od niedawna r\u00f3wnie\u017c w \u015bwiecie, jako Dzie\u0144 \u015awi\u0119to\u015bci \u017bycia.<br \/>\nChrystus zamieszka\u0142 w Swojej Matce, tak jak \u017cycie ka\u017cdego z nas zaczyna si\u0119 w \u0142onie naszych Matek.<\/p>\n<p>W naszych czasach szczeg\u00f3lnie to powstaj\u0105ce \u017cycie jest od samego pocz\u0105tku zagro\u017cone, st\u0105d konieczno\u015b\u0107 jego obrony, obrony na wszystkich &#8222;frontach&#8221;.<\/p>\n<p>Wiele jest w Polsce i na \u015bwiecie organizacji, ruch\u00f3w, stowarzysze\u0144 czy po prostu ludzi dobrej woli, kt\u00f3rzy podejmuj\u0105 te dzia\u0142ania. Mo\u017cna jednak niekiedy odnie\u015b\u0107 wra\u017cenie, \u017ce zapominamy o najwa\u017cniejszym dost\u0119pnym nam &#8222;or\u0119\u017cu&#8221; &#8211; o modlitwie. Modlitwie b\u0119d\u0105cej &#8222;spotkaniem Boga i naszego pragnienia&#8221;, jak m\u00f3wi Katechizm Ko\u015bcio\u0142a Katolickiego, kt\u00f3ry po\u015bwi\u0119ca ca\u0142\u0105 cz\u0119\u015b\u0107 sensowi i znaczeniu modlitwy, widzianej jako zwi\u0105zek cz\u0142owieka z Bogiem. &#8222;Modlitwa jest o tyle chrze\u015bcija\u0144ska, o ile jest komuni\u0105 z Chrystusem i rozszerza si\u0119 w Ko\u015bciele, kt\u00f3ry jest Jego Cia\u0142em&#8221; (p. 2565 KKK).<\/p>\n<p>Tak\u0105 form\u0105 modlitwy jest duchowa adopcja dziecka pocz\u0119tego. Jest to zobowi\u0105zanie konkretnej osoby do codziennej modlitwy w intencji ocalenia \u017cycia konkretnego dziecka w \u0142onie matki &#8211; znanego tylko Bogu.<br \/>\nModlitwy przez dziewi\u0119\u0107 miesi\u0119cy. Cz\u0142owiekowi, zw\u0142aszcza wsp\u00f3\u0142czesnemu, tak trudno przyj\u0105\u0107 to wszystko, czego nie da si\u0119 zwa\u017cy\u0107 ani zmierzy\u0107, albo przynajmniej zobaczy\u0107. Tak trudno wej\u015b\u0107 w siebie, przyj\u0105\u0107 sob\u0105 co\u015b niewymiernego. Duchowa adopcja oparta jest na tajemnicy zawierzenia, zawierzenia sile modlitwy, ale tak\u017ce bezpo\u015brednio Bogu &#8211; tylko On zna imi\u0119 &#8222;naszego&#8221; dziecka&#8230;<br \/>\nCzy potrafimy autentycznie powt\u00f3rzy\u0107 za \u015bw. Paw\u0142em: &#8222;WSZYSTKO mog\u0119 w Tym, kt\u00f3ry mnie umacnia?&#8221; &#8222;Wierz\u0119, Panie, ale zarad\u017a memu niedowiarstwu&#8221;, wierz\u0119, Panie &#8211; ale daj znak. Chrystus rodz\u0105cy si\u0119 w \u017c\u0142\u00f3bku &#8211; to takie trudne: zobaczy\u0107 Boga, b\u0119d\u0105cego Mi\u0142o\u015bci\u0105, w tym bezbronnym Noworodku&#8230;<br \/>\nA jednak mo\u017cna przynajmniej &#8222;zobaczy\u0107&#8221;&#8230;<\/p>\n<p>O ile trudniej wej\u015b\u0107 w relacje mi\u0119dzyosobowe, relacje mi\u0142o\u015bci, duchowe. Na takich wi\u0119zach opiera si\u0119 Komunia duchowa, takie te\u017c le\u017c\u0105 u podstaw duchowej adopcji. Otaczaj\u0105c to, tylko Bogu znane, istnienie p\u0142aszczem modlitwy, w spos\u00f3b szczeg\u00f3lny przyjmuj\u0119 Chrystusa, nawi\u0105zuj\u0119 z Nim wi\u0119\u017a, niepor\u00f3wnywaln\u0105 z \u017cadn\u0105 inn\u0105.<br \/>\nAle jednocze\u015bnie, jaka to ogromna odpowiedzialno\u015b\u0107. Ode mnie, od mojej modlitwy, mo\u017ce zale\u017ce\u0107 uratowanie czyjego\u015b zagro\u017conego \u017cycia&#8230;, &#8222;&#8230;o cokolwiek prosi\u0107 b\u0119dziecie&#8230;&#8221;<\/p>\n<p><strong>Informacje i materia\u0142y\u00a0 dotycz\u0105ce Duchowej Adopcji\u00a0 <a href=\"https:\/\/www.duchowaadopcja.info\/duchowa-adopcja-dziecka-poczetego.html\">https:\/\/www.duchowaadopcja.info\/duchowa-adopcja-dziecka-poczetego.html<\/a> \u00a0<\/strong><\/p>\n<p><strong>Deklaracja podj\u0119cia Duchowej Adopcji Dziecka Pocz\u0119tego \u00a0<a href=\"https:\/\/www.duchowaadopcja.info\/przyrzeczenie-duchowej-adopcji.html\">https:\/\/www.duchowaadopcja.info\/przyrzeczenie-duchowej-adopcji.html<\/a><\/strong><\/p>\n<p><strong>Aplikacja na telefon Adoptuj \u017cycie\u00a0\u00a0<a href=\"https:\/\/youtu.be\/mVD8qiU0iD0\">https:\/\/youtu.be\/mVD8qiU0iD0<\/a><\/strong><\/p>\n<p>\u015awiadectwa duchowej adopcji\u00a0 \u00a0<a href=\"https:\/\/youtu.be\/ANd9DsV8shE\">https:\/\/youtu.be\/ANd9DsV8shE<\/a><\/p>\n","protected":false},"excerpt":{"rendered":"<p>Duchowa Adopcja Dziecka Pocz\u0119tego\u00a0\u00a0 \u00a0 2 lutego 1994 roku Jan Pawe\u0142 II napisa\u0142 &#8222;List do Rodzin&#8221;, w kt\u00f3rym Ojciec \u015awi\u0119ty stwierdza\u0142: &#8222;rodzina jest drog\u0105 pierwsz\u0105 &hellip;<\/p>\n","protected":false},"author":2,"featured_media":0,"parent":0,"menu_order":0,"comment_status":"closed","ping_status":"closed","template":"","meta":{"footnotes":""},"class_list":["post-107","page","type-page","status-publish","hentry"],"_links":{"self":[{"href":"https:\/\/dlarodziny.diecezjazg.pl\/index.php\/wp-json\/wp\/v2\/pages\/107","targetHints":{"allow":["GET"]}}],"collection":[{"href":"https:\/\/dlarodziny.diecezjazg.pl\/index.php\/wp-json\/wp\/v2\/pages"}],"about":[{"href":"https:\/\/dlarodziny.diecezjazg.pl\/index.php\/wp-json\/wp\/v2\/types\/page"}],"author":[{"embeddable":true,"href":"https:\/\/dlarodziny.diecezjazg.pl\/index.php\/wp-json\/wp\/v2\/users\/2"}],"replies":[{"embeddable":true,"href":"https:\/\/dlarodziny.diecezjazg.pl\/index.php\/wp-json\/wp\/v2\/comments?post=107"}],"version-history":[{"count":6,"href":"https:\/\/dlarodziny.diecezjazg.pl\/index.php\/wp-json\/wp\/v2\/pages\/107\/revisions"}],"predecessor-version":[{"id":320,"href":"https:\/\/dlarodziny.diecezjazg.pl\/index.php\/wp-json\/wp\/v2\/pages\/107\/revisions\/320"}],"wp:attachment":[{"href":"https:\/\/dlarodziny.diecezjazg.pl\/index.php\/wp-json\/wp\/v2\/media?parent=107"}],"curies":[{"name":"wp","href":"https:\/\/api.w.org\/{rel}","templated":true}]}}

Duchowa Adopcja Dziecka Poczętego

<p><strong>Duchowa Adopcja Dziecka Poczętego     </strong></p>
<p>2 lutego 1994 roku Jan Paweł II napisał &#8222;List do Rodzin&#8221;, w którym Ojciec Święty stwierdzał: &#8222;rodzina jest drogą pierwszą i najważniejszą Kościoła&#8221;.  Pisał tam także, że miłość najpełniej wyraża się przez bezinteresowny dar z siebie dla drugiej osoby, zaś darem najbardziej urzeczywistniającym dobro wspólne rodziny jest nowo narodzony człowiek, nie tylko jako człowiek, ale jako &#8222;ten człowiek&#8221;, stworzony przez Boga &#8222;dla Niego samego&#8221;.</p>
<p>Dla człowieka wierzącego nie istnieje przypadek. Wszystko w życiu ma jakiś cel. Wszystko może być znakiem Bożego wołania i &#8222;czekania&#8221; na naszą odpowiedź. Najwyższy czas, byśmy zrozumieli, że Życie jest Święte, że Rodzina jest święta. Każde Życie i każda Rodzina. Nie tylko ta z Nazaretu.  A jeżeli święta, to człowiek musi podchodzić do tego faktu z bojaźnią Bożą. Św. Paweł mówi o rodzinie jako o &#8222;wielkiej tajemnicy&#8221; /por. Ef 5,32/. A Jan Paweł II woła w &#8222;Liście do rodzin&#8221;: &#8222;Wy, którzy rodzicie Wasze dzieci dla ziemskiej ojczyzny, nie zapominajcie, że rodzicie je równocześnie dla Boga&#8221; /p.22/ i dalej: &#8222;poprzez rodzinę toczą się dzieje człowieka, dzieje zbawienia ludzkości&#8221; /p.23/.<br />
Bóg przyszedł na świat w Rodzinie &#8211; nie wolno nam tego przemilczać. Był w tej Rodzinie także dziewięć miesięcy przed Narodzeniem. Tego też nie wolno przemilczać.</p>
<p>Święto Zwiastowania Pańskiego obchodzone jest od dłuższego czasu w Polsce, a od niedawna również w świecie, jako Dzień Świętości Życia.<br />
Chrystus zamieszkał w Swojej Matce, tak jak życie każdego z nas zaczyna się w łonie naszych Matek.</p>
<p>W naszych czasach szczególnie to powstające życie jest od samego początku zagrożone, stąd konieczność jego obrony, obrony na wszystkich &#8222;frontach&#8221;.</p>
<p>Wiele jest w Polsce i na świecie organizacji, ruchów, stowarzyszeń czy po prostu ludzi dobrej woli, którzy podejmują te działania. Można jednak niekiedy odnieść wrażenie, że zapominamy o najważniejszym dostępnym nam &#8222;orężu&#8221; &#8211; o modlitwie. Modlitwie będącej &#8222;spotkaniem Boga i naszego pragnienia&#8221;, jak mówi Katechizm Kościoła Katolickiego, który poświęca całą część sensowi i znaczeniu modlitwy, widzianej jako związek człowieka z Bogiem. &#8222;Modlitwa jest o tyle chrześcijańska, o ile jest komunią z Chrystusem i rozszerza się w Kościele, który jest Jego Ciałem&#8221; (p. 2565 KKK).</p>
<p>Taką formą modlitwy jest duchowa adopcja dziecka poczętego. Jest to zobowiązanie konkretnej osoby do codziennej modlitwy w intencji ocalenia życia konkretnego dziecka w łonie matki &#8211; znanego tylko Bogu.<br />
Modlitwy przez dziewięć miesięcy. Człowiekowi, zwłaszcza współczesnemu, tak trudno przyjąć to wszystko, czego nie da się zważyć ani zmierzyć, albo przynajmniej zobaczyć. Tak trudno wejść w siebie, przyjąć sobą coś niewymiernego. Duchowa adopcja oparta jest na tajemnicy zawierzenia, zawierzenia sile modlitwy, ale także bezpośrednio Bogu &#8211; tylko On zna imię &#8222;naszego&#8221; dziecka&#8230;<br />
Czy potrafimy autentycznie powtórzyć za św. Pawłem: &#8222;WSZYSTKO mogę w Tym, który mnie umacnia?&#8221; &#8222;Wierzę, Panie, ale zaradź memu niedowiarstwu&#8221;, wierzę, Panie &#8211; ale daj znak. Chrystus rodzący się w żłóbku &#8211; to takie trudne: zobaczyć Boga, będącego Miłością, w tym bezbronnym Noworodku&#8230;<br />
A jednak można przynajmniej &#8222;zobaczyć&#8221;&#8230;</p>
<p>O ile trudniej wejść w relacje międzyosobowe, relacje miłości, duchowe. Na takich więzach opiera się Komunia duchowa, takie też leżą u podstaw duchowej adopcji. Otaczając to, tylko Bogu znane, istnienie płaszczem modlitwy, w sposób szczególny przyjmuję Chrystusa, nawiązuję z Nim więź, nieporównywalną z żadną inną.<br />
Ale jednocześnie, jaka to ogromna odpowiedzialność. Ode mnie, od mojej modlitwy, może zależeć uratowanie czyjegoś zagrożonego życia&#8230;, &#8222;&#8230;o cokolwiek prosić będziecie&#8230;&#8221;</p>
<p><strong>Informacje i materiały  dotyczące Duchowej Adopcji  <a href="https://www.duchowaadopcja.info/duchowa-adopcja-dziecka-poczetego.html">https://www.duchowaadopcja.info/duchowa-adopcja-dziecka-poczetego.html</a>  </strong></p>
<p><strong>Deklaracja podjęcia Duchowej Adopcji Dziecka Poczętego  <a href="https://www.duchowaadopcja.info/przyrzeczenie-duchowej-adopcji.html">https://www.duchowaadopcja.info/przyrzeczenie-duchowej-adopcji.html</a></strong></p>
<p><strong>Aplikacja na telefon Adoptuj życie  <a href="https://youtu.be/mVD8qiU0iD0">https://youtu.be/mVD8qiU0iD0</a></strong></p>
<p>Świadectwa duchowej adopcji   <a href="https://youtu.be/ANd9DsV8shE">https://youtu.be/ANd9DsV8shE</a></p>

<p>Duchowa Adopcja Dziecka Poczętego     2 lutego 1994 roku Jan Paweł II napisał &#8222;List do Rodzin&#8221;, w którym Ojciec Święty stwierdzał: &#8222;rodzina jest drogą pierwszą &hellip;</p>
