{"id":16,"date":"2022-10-16T12:49:12","date_gmt":"2022-10-16T10:49:12","guid":{"rendered":"https:\/\/dlarodziny.diecezjazg.pl\/?page_id=16"},"modified":"2022-10-16T14:41:21","modified_gmt":"2022-10-16T12:41:21","slug":"wspolnoty","status":"publish","type":"page","link":"https:\/\/dlarodziny.diecezjazg.pl\/index.php\/wspolnoty\/","title":{"rendered":"Wsp\u00f3lnoty"},"content":{"rendered":"<p><a href=\"https:\/\/dlarodziny.diecezjazg.pl\/index.php\/domowy-kosciol\/\"><strong>Domowy Ko\u015bci\u00f3\u0142<\/strong><\/a><\/p>\n<p><a href=\"http:\/\/www.rozwiedzeniwkosciele.pl\/\"><strong>Duszpasterstwo Ma\u0142\u017ce\u0144stw Niesakramentalnych<\/strong><\/a><\/p>\n<p><strong><a href=\"https:\/\/dlarodziny.diecezjazg.pl\/index.php\/ruch-rodzin-nazaretanskich\/\">Ruch Rodzin Nazareta\u0144skich<\/a><br \/>\n<\/strong><\/p>\n<p><a href=\"https:\/\/dlarodziny.diecezjazg.pl\/index.php\/spotkania-malzenskie\/\"><strong>Spotkania Ma\u0142\u017ce\u0144skie<\/strong><\/a><\/p>\n<p><a href=\"https:\/\/dlarodziny.diecezjazg.pl\/index.php\/stowarzyszenie-rodzin-katolickich\/\"><strong>Stowarzyszenie Rodzin Katolickich<\/strong><\/a><\/p>\n<p><a href=\"https:\/\/dlarodziny.diecezjazg.pl\/index.php\/wspolnota-trudnych-malzenstw-sychar\/\"><strong>Wsp\u00f3lnota Trudnych Ma\u0142\u017ce\u0144stw &#8222;Sychar&#8221;<\/strong><\/a><\/p>\n","protected":false},"excerpt":{"rendered":"<p>Domowy Ko\u015bci\u00f3\u0142 Duszpasterstwo Ma\u0142\u017ce\u0144stw Niesakramentalnych Ruch Rodzin Nazareta\u0144skich Spotkania Ma\u0142\u017ce\u0144skie Stowarzyszenie Rodzin Katolickich Wsp\u00f3lnota Trudnych Ma\u0142\u017ce\u0144stw &#8222;Sychar&#8221;<\/p>\n","protected":false},"author":2,"featured_media":0,"parent":0,"menu_order":0,"comment_status":"closed","ping_status":"closed","template":"","meta":{"footnotes":""},"class_list":["post-16","page","type-page","status-publish","hentry"],"_links":{"self":[{"href":"https:\/\/dlarodziny.diecezjazg.pl\/index.php\/wp-json\/wp\/v2\/pages\/16","targetHints":{"allow":["GET"]}}],"collection":[{"href":"https:\/\/dlarodziny.diecezjazg.pl\/index.php\/wp-json\/wp\/v2\/pages"}],"about":[{"href":"https:\/\/dlarodziny.diecezjazg.pl\/index.php\/wp-json\/wp\/v2\/types\/page"}],"author":[{"embeddable":true,"href":"https:\/\/dlarodziny.diecezjazg.pl\/index.php\/wp-json\/wp\/v2\/users\/2"}],"replies":[{"embeddable":true,"href":"https:\/\/dlarodziny.diecezjazg.pl\/index.php\/wp-json\/wp\/v2\/comments?post=16"}],"version-history":[{"count":6,"href":"https:\/\/dlarodziny.diecezjazg.pl\/index.php\/wp-json\/wp\/v2\/pages\/16\/revisions"}],"predecessor-version":[{"id":106,"href":"https:\/\/dlarodziny.diecezjazg.pl\/index.php\/wp-json\/wp\/v2\/pages\/16\/revisions\/106"}],"wp:attachment":[{"href":"https:\/\/dlarodziny.diecezjazg.pl\/index.php\/wp-json\/wp\/v2\/media?parent=16"}],"curies":[{"name":"wp","href":"https:\/\/api.w.org\/{rel}","templated":true}]}}

Wspólnoty

<p><a href="https://dlarodziny.diecezjazg.pl/index.php/domowy-kosciol/"><strong>Domowy Kościół</strong></a></p>
<p><a href="http://www.rozwiedzeniwkosciele.pl/"><strong>Duszpasterstwo Małżeństw Niesakramentalnych</strong></a></p>
<p><strong><a href="https://dlarodziny.diecezjazg.pl/index.php/ruch-rodzin-nazaretanskich/">Ruch Rodzin Nazaretańskich</a><br />
</strong></p>
<p><a href="https://dlarodziny.diecezjazg.pl/index.php/spotkania-malzenskie/"><strong>Spotkania Małżeńskie</strong></a></p>
<p><a href="https://dlarodziny.diecezjazg.pl/index.php/stowarzyszenie-rodzin-katolickich/"><strong>Stowarzyszenie Rodzin Katolickich</strong></a></p>
<p><a href="https://dlarodziny.diecezjazg.pl/index.php/wspolnota-trudnych-malzenstw-sychar/"><strong>Wspólnota Trudnych Małżeństw &#8222;Sychar&#8221;</strong></a></p>

<p>Domowy Kościół Duszpasterstwo Małżeństw Niesakramentalnych Ruch Rodzin Nazaretańskich Spotkania Małżeńskie Stowarzyszenie Rodzin Katolickich Wspólnota Trudnych Małżeństw &#8222;Sychar&#8221;</p>
