{"id":455,"date":"2024-01-07T17:24:56","date_gmt":"2024-01-07T16:24:56","guid":{"rendered":"https:\/\/dlarodziny.diecezjazg.pl\/?page_id=455"},"modified":"2024-01-07T17:24:56","modified_gmt":"2024-01-07T16:24:56","slug":"psychoterapia-doroslych-i-mlodziezy-elzbieta-kozakiewicz","status":"publish","type":"page","link":"https:\/\/dlarodziny.diecezjazg.pl\/index.php\/psychoterapia-doroslych-i-mlodziezy-elzbieta-kozakiewicz\/","title":{"rendered":"Psychoterapia Doros\u0142ych i M\u0142odzie\u017cy El\u017cbieta Kozakiewicz"},"content":{"rendered":"<p><a href=\"https:\/\/www.facebook.com\/profile.php?id=100063464592165\" target=\"_blank\" rel=\"noopener\">Psychoterapia Doros\u0142ych i M\u0142odzie\u017cy El\u017cbieta Kozakiewicz<\/a><\/p>\n","protected":false},"excerpt":{"rendered":"<p>Psychoterapia Doros\u0142ych i M\u0142odzie\u017cy El\u017cbieta Kozakiewicz<\/p>\n","protected":false},"author":2,"featured_media":0,"parent":0,"menu_order":0,"comment_status":"closed","ping_status":"closed","template":"","meta":{"footnotes":""},"class_list":["post-455","page","type-page","status-publish","hentry"],"_links":{"self":[{"href":"https:\/\/dlarodziny.diecezjazg.pl\/index.php\/wp-json\/wp\/v2\/pages\/455","targetHints":{"allow":["GET"]}}],"collection":[{"href":"https:\/\/dlarodziny.diecezjazg.pl\/index.php\/wp-json\/wp\/v2\/pages"}],"about":[{"href":"https:\/\/dlarodziny.diecezjazg.pl\/index.php\/wp-json\/wp\/v2\/types\/page"}],"author":[{"embeddable":true,"href":"https:\/\/dlarodziny.diecezjazg.pl\/index.php\/wp-json\/wp\/v2\/users\/2"}],"replies":[{"embeddable":true,"href":"https:\/\/dlarodziny.diecezjazg.pl\/index.php\/wp-json\/wp\/v2\/comments?post=455"}],"version-history":[{"count":1,"href":"https:\/\/dlarodziny.diecezjazg.pl\/index.php\/wp-json\/wp\/v2\/pages\/455\/revisions"}],"predecessor-version":[{"id":458,"href":"https:\/\/dlarodziny.diecezjazg.pl\/index.php\/wp-json\/wp\/v2\/pages\/455\/revisions\/458"}],"wp:attachment":[{"href":"https:\/\/dlarodziny.diecezjazg.pl\/index.php\/wp-json\/wp\/v2\/media?parent=455"}],"curies":[{"name":"wp","href":"https:\/\/api.w.org\/{rel}","templated":true}]}}