{"id":85,"date":"2022-10-16T14:33:58","date_gmt":"2022-10-16T12:33:58","guid":{"rendered":"https:\/\/dlarodziny.diecezjazg.pl\/?page_id=85"},"modified":"2022-10-16T14:33:58","modified_gmt":"2022-10-16T12:33:58","slug":"ruch-rodzin-nazaretanskich","status":"publish","type":"page","link":"https:\/\/dlarodziny.diecezjazg.pl\/index.php\/ruch-rodzin-nazaretanskich\/","title":{"rendered":"Ruch Rodzin Nazareta\u0144skich"},"content":{"rendered":"<p><strong>Ruch Rodzin Nazareta\u0144skich (RRN)<\/strong> jest ruchem rodzinnym w ko\u015bciele na wz\u00f3r \u017cycia \u015awi\u0119tej Rodziny z Nazaretu, kt\u00f3re uczy, \u017ce \u015bwi\u0119to\u015b\u0107 realizuje si\u0119 w codzienno\u015bci prze\u017cywanej z Bogiem.<\/p>\n<p>Misj\u0105 Ruchu jest prowadzenie jej cz\u0142onk\u00f3w drog\u0105 \u017cycia wewn\u0119trznego do \u015bwi\u0119to\u015bci oraz aktywny udzia\u0142 w realizacji apostolskiej misji Ko\u015bcio\u0142a podejmuj\u0105c wezwanie do nowej ewangelizacji.<br \/>\nPomoc w d\u0105\u017ceniu do \u015bwi\u0119to\u015bci skierowane jest do os\u00f3b wszystkich stan\u00f3w a zw\u0142aszcza ku rodzinie.<br \/>\nKap\u0142ani pos\u0142uguj\u0105cy w RRN tworz\u0105 wsp\u00f3lnot\u0119 kap\u0142a\u0144sk\u0105, kt\u00f3ra jest istotn\u0105 pomoc\u0105 w ich formacji duchowej.<\/p>\n<p>Duchowo\u015b\u0107 RRN czerpie inspiracje z duchowo\u015bci karmelita\u0144skiej a zw\u0142aszcza z \u201ema\u0142ej drogi\u201d \u015bw. Teresy od Dzieci\u0105tka Jezus, z duchowo\u015bci \u015bw. Maksymiliana Marii Kolbego, z or\u0119dzia Bo\u017cego Mi\u0142osierdzia przekazanego przez \u015bw. Faustyn\u0119 Kowalsk\u0105, z przes\u0142ania Matki Bo\u017cej do \u015bw. Juana Diego oraz z nauczania \u015bw. Jana Paw\u0142a II i jego osobistego zawierzenia Maryi.<br \/>\nRuch powsta\u0142 wok\u00f3\u0142 konfesjona\u0142u, dlatego cz\u0142onkowie staraj\u0105 si\u0119 cz\u0119sto, przynajmniej raz w miesi\u0105cu, korzysta\u0107 z Sakramentu pokuty, kt\u00f3ry mo\u017ce przybra\u0107 form\u0119 sta\u0142ego spowiednictwa.<\/p>\n<p>Na miar\u0119 potrzeby duchowej istnieje te\u017c mo\u017cliwo\u015b\u0107 korzystania z kierownictwa duchowego.<br \/>\nCz\u0119sty a nawet codzienny udzia\u0142 we Mszy \u015bw., adoracja Naj\u015bwi\u0119tszego Sakramentu oraz oczekiwanie na spotkanie z Chrystusem w Eucharystii maj\u0105 prowadzi\u0107 do Eucharystycznego stylu \u017cycia jej cz\u0142onk\u00f3w.<\/p>\n<p>Podejmuj\u0105c wol\u0119 Zbawiciela zawart\u0105 w Testamencie z Krzy\u017ca wyra\u017con\u0105 w s\u0142owach : \u201eOto Matka twoja\u201d(J 19,27) za przyk\u0142adem \u015bw. Jana Aposto\u0142a, cz\u0142onkowie pragn\u0105 \u017cy\u0107 w komunii z Maryj\u0105 i w tej komunii upatruj\u0105 drog\u0119 do pe\u0142nego zjednoczenia z Chrystusem.<\/p>\n<p>Chc\u0105c potwierdzi\u0107 pragnienie \u017cycia duchowo\u015bci\u0105 Ruchu mo\u017cna z\u0142o\u017cy\u0107 Akt oddania si\u0119 Matce Bo\u017cej na wy\u0142\u0105czn\u0105 s\u0142u\u017cb\u0119 Ko\u015bcio\u0142owi, kt\u00f3ry zawiera w sobie istot\u0119 duchowo\u015bci Ruchu.<br \/>\nRuch Rodzin Nazareta\u0144skich wyr\u00f3s\u0142 z inicjatywy ks. Tadeusza Dajczera (+2009) i ks. Andrzeja Buczela (+1994) oraz grupy os\u00f3b \u015bwieckich.<\/p>\n<p>Delegatem Episkopatu do spraw Ruchu jest Ks. Bp Andrzej Siemieniewski.<\/p>\n<p>Zainteresowanych RRN odsy\u0142amy na stron\u0119 internetow\u0105: <strong><a title=\"Przejd\u017a do strony w nowym oknie\" href=\"https:\/\/web.archive.org\/web\/20211204143545\/http:\/\/www.rrn.info.pl\/\" target=\"_blank\" rel=\"noopener\">www.rrn.info.pl<\/a><\/strong><\/p>\n","protected":false},"excerpt":{"rendered":"<p>Ruch Rodzin Nazareta\u0144skich (RRN) jest ruchem rodzinnym w ko\u015bciele na wz\u00f3r \u017cycia \u015awi\u0119tej Rodziny z Nazaretu, kt\u00f3re uczy, \u017ce \u015bwi\u0119to\u015b\u0107 realizuje si\u0119 w codzienno\u015bci prze\u017cywanej &hellip;<\/p>\n","protected":false},"author":2,"featured_media":0,"parent":0,"menu_order":0,"comment_status":"closed","ping_status":"closed","template":"","meta":{"footnotes":""},"class_list":["post-85","page","type-page","status-publish","hentry"],"_links":{"self":[{"href":"https:\/\/dlarodziny.diecezjazg.pl\/index.php\/wp-json\/wp\/v2\/pages\/85","targetHints":{"allow":["GET"]}}],"collection":[{"href":"https:\/\/dlarodziny.diecezjazg.pl\/index.php\/wp-json\/wp\/v2\/pages"}],"about":[{"href":"https:\/\/dlarodziny.diecezjazg.pl\/index.php\/wp-json\/wp\/v2\/types\/page"}],"author":[{"embeddable":true,"href":"https:\/\/dlarodziny.diecezjazg.pl\/index.php\/wp-json\/wp\/v2\/users\/2"}],"replies":[{"embeddable":true,"href":"https:\/\/dlarodziny.diecezjazg.pl\/index.php\/wp-json\/wp\/v2\/comments?post=85"}],"version-history":[{"count":1,"href":"https:\/\/dlarodziny.diecezjazg.pl\/index.php\/wp-json\/wp\/v2\/pages\/85\/revisions"}],"predecessor-version":[{"id":87,"href":"https:\/\/dlarodziny.diecezjazg.pl\/index.php\/wp-json\/wp\/v2\/pages\/85\/revisions\/87"}],"wp:attachment":[{"href":"https:\/\/dlarodziny.diecezjazg.pl\/index.php\/wp-json\/wp\/v2\/media?parent=85"}],"curies":[{"name":"wp","href":"https:\/\/api.w.org\/{rel}","templated":true}]}}

Ruch Rodzin Nazaretańskich

<p><strong>Ruch Rodzin Nazaretańskich (RRN)</strong> jest ruchem rodzinnym w kościele na wzór życia Świętej Rodziny z Nazaretu, które uczy, że świętość realizuje się w codzienności przeżywanej z Bogiem.</p>
<p>Misją Ruchu jest prowadzenie jej członków drogą życia wewnętrznego do świętości oraz aktywny udział w realizacji apostolskiej misji Kościoła podejmując wezwanie do nowej ewangelizacji.<br />
Pomoc w dążeniu do świętości skierowane jest do osób wszystkich stanów a zwłaszcza ku rodzinie.<br />
Kapłani posługujący w RRN tworzą wspólnotę kapłańską, która jest istotną pomocą w ich formacji duchowej.</p>
<p>Duchowość RRN czerpie inspiracje z duchowości karmelitańskiej a zwłaszcza z „małej drogi” św. Teresy od Dzieciątka Jezus, z duchowości św. Maksymiliana Marii Kolbego, z orędzia Bożego Miłosierdzia przekazanego przez św. Faustynę Kowalską, z przesłania Matki Bożej do św. Juana Diego oraz z nauczania św. Jana Pawła II i jego osobistego zawierzenia Maryi.<br />
Ruch powstał wokół konfesjonału, dlatego członkowie starają się często, przynajmniej raz w miesiącu, korzystać z Sakramentu pokuty, który może przybrać formę stałego spowiednictwa.</p>
<p>Na miarę potrzeby duchowej istnieje też możliwość korzystania z kierownictwa duchowego.<br />
Częsty a nawet codzienny udział we Mszy św., adoracja Najświętszego Sakramentu oraz oczekiwanie na spotkanie z Chrystusem w Eucharystii mają prowadzić do Eucharystycznego stylu życia jej członków.</p>
<p>Podejmując wolę Zbawiciela zawartą w Testamencie z Krzyża wyrażoną w słowach : „Oto Matka twoja”(J 19,27) za przykładem św. Jana Apostoła, członkowie pragną żyć w komunii z Maryją i w tej komunii upatrują drogę do pełnego zjednoczenia z Chrystusem.</p>
<p>Chcąc potwierdzić pragnienie życia duchowością Ruchu można złożyć Akt oddania się Matce Bożej na wyłączną służbę Kościołowi, który zawiera w sobie istotę duchowości Ruchu.<br />
Ruch Rodzin Nazaretańskich wyrósł z inicjatywy ks. Tadeusza Dajczera (+2009) i ks. Andrzeja Buczela (+1994) oraz grupy osób świeckich.</p>
<p>Delegatem Episkopatu do spraw Ruchu jest Ks. Bp Andrzej Siemieniewski.</p>
<p>Zainteresowanych RRN odsyłamy na stronę internetową: <strong><a title="Przejdź do strony w nowym oknie" href="https://web.archive.org/web/20211204143545/http://www.rrn.info.pl/" target="_blank" rel="noopener">www.rrn.info.pl</a></strong></p>

<p>Ruch Rodzin Nazaretańskich (RRN) jest ruchem rodzinnym w kościele na wzór życia Świętej Rodziny z Nazaretu, które uczy, że świętość realizuje się w codzienności przeżywanej &hellip;</p>
