{"id":89,"date":"2022-10-16T14:34:56","date_gmt":"2022-10-16T12:34:56","guid":{"rendered":"https:\/\/dlarodziny.diecezjazg.pl\/?page_id=89"},"modified":"2025-01-15T10:22:49","modified_gmt":"2025-01-15T09:22:49","slug":"spotkania-malzenskie","status":"publish","type":"page","link":"https:\/\/dlarodziny.diecezjazg.pl\/index.php\/spotkania-malzenskie\/","title":{"rendered":"Spotkania Ma\u0142\u017ce\u0144skie"},"content":{"rendered":"<p><strong>Spotkania Ma\u0142\u017ce\u0144skie<\/strong> (popularnie zwane Dialogami Ma\u0142\u017ce\u0144skimi) s\u0105 ruchem rekolekcyjnym maj\u0105cym na celu pog\u0142\u0119bianie wi\u0119zi ma\u0142\u017ce\u0144skiej, pomoc w lepszym i g\u0142\u0119bszym zrozumieniu si\u0119 m\u0119\u017ca i \u017cony oraz pe\u0142niejsze do\u015bwiadczenie sakramentalnego wymiaru ich zwi\u0105zku. Dokonuje si\u0119 to poprzez proponowanie ma\u0142\u017ce\u0144stwom takiej formy dialogu, kt\u00f3ra z jednej strony pozwoli m\u0119\u017cowi i \u017conie g\u0142\u0119biej pozna\u0107 si\u0119 nawzajem, z drugiej za\u015b &#8211; w przypadku nieporozumie\u0144 &#8211; pomo\u017ce rozwi\u0105zywa\u0107 konflikty mi\u0119dzy ma\u0142\u017conkami.<\/p>\n<p>Aby naprawd\u0119 SPOTKA\u0106 SI\u0118 ze sob\u0105 i z Bogiem, trzeba bardziej s\u0142ucha\u0107 ni\u017c m\u00f3wi\u0107, bardziej dzieli\u0107 si\u0119 ni\u017c dyskutowa\u0107, bardziej rozumie\u0107 ni\u017c ocenia\u0107, a nade wszystko &#8211; przebacza\u0107.<\/p>\n<p>Podstawow\u0105 form\u0105 pracy Spotka\u0144 Ma\u0142\u017ce\u0144skich s\u0105 dwudniowe rekolekcje o charakterze warsztat\u00f3w. W czasie ich trwania nie ma tradycyjnych konferencji ani katechez. Odpowiednio przygotowane ma\u0142\u017ce\u0144stwa i kap\u0142ani wprowadzaj\u0105 uczestnik\u00f3w do pracy w\u0142asnej, polegaj\u0105cej na nauce i do\u015bwiadczeniu dialogu.<\/p>\n<p>Praca ta prowadzona jest przez ma\u0142\u017conk\u00f3w wy\u0142\u0105cznie we dwoje. \u017badne sprawy \u0142\u0105cz\u0105ce lub dziel\u0105ce ma\u0142\u017conk\u00f3w uczestnicz\u0105cych nie s\u0105 ujawniane w grupie. Uczestnictwo w Spotkaniach Ma\u0142\u017ce\u0144skich wi\u0105\u017ce si\u0119 z wyjazdem do domu rekolekcyjnego. Rekolekcje rozpoczynaj\u0105 si\u0119 w pi\u0105tki o godz. 18.00, a ko\u0144cz\u0105 w niedziele ok. godz. 15:00. Organizatorzy zapewniaj\u0105 zakwaterowanie i wy\u017cywienie. Konieczny jest udzia\u0142 obojga ma\u0142\u017conk\u00f3w, bez dzieci, na ca\u0142o\u015bci programu.<\/p>\n<p>Si\u0142a oddzia\u0142ywania Spotka\u0144 Ma\u0142\u017ce\u0144skich polega na tym, \u017ce ma\u0142\u017ce\u0144stwo mo\u017ce podczas ich trwania prze\u017cy\u0107 \u015bwie\u017co\u015b\u0107 wzajemnych uczu\u0107, odnowi\u0107 lub odkry\u0107 na nowo swoj\u0105 jedno\u015b\u0107. Ma\u0142\u017ce\u0144stwo wyje\u017cd\u017caj\u0105ce z weekendu jest te\u017c na og\u00f3\u0142 zdolne do rozwi\u0105zywania konflikt\u00f3w. Program jest tak u\u0142o\u017cony, \u017ce pozwala ka\u017cdej parze spojrze\u0107 na w\u0142asne \u017cycie w duchu mi\u0142o\u015bci, oparty jest na nowoczesnej wiedzy z zakresu psychologii komunikacji i teologii. Wsp\u00f3lnota Spotka\u0144 Ma\u0142\u017ce\u0144skich jest tak\u017ce obecna w naszej diecezji. Opr\u00f3cz organizowania rekolekcji weekendowych odbywaj\u0105 si\u0119 comiesi\u0119czne spotkania formacyjne.<\/p>\n<p>Liderami dzie\u0142a w diecezji zielonog\u00f3rsko-gorzowskiej s\u0105:<br \/>\nJadwiga i Zbigniew Smutek; e.mail: <a href=\"mailto:jzsmutek@spotkaniamalzenskie.pl\">jzsmutek@spotkaniamalzenskie.pl<\/a><\/p>\n<p>Strona internetowa Spotka\u0144 Ma\u0142\u017ce\u0144skich:\u00a0<a title=\"Przejd\u017a do strony w nowym oknie\" href=\"https:\/\/web.archive.org\/web\/20211204141532\/http:\/\/www.spotkaniamalzenskie.pl\/\" target=\"_blank\" rel=\"noopener\" data-saferedirecturl=\"https:\/\/zasobygwp.pl\/redirect?sig=a0a1765239a7334e002a02a563ecc24147607690dd046a822d82e78946e573c7&amp;url=aHR0cHM6Ly93ZWIuYXJjaGl2ZS5vcmcvd2ViLzIwMjExMjA0MTQxNTMyL2h0dHA6Ly93d3cuc3BvdGthbmlhbWFsemVuc2tpZS5wbC8=&amp;platform=desktop&amp;brand=o2\"><strong>www.spotkaniamalzenskie.pl<\/strong><\/a><\/p>\n<p>Zielonog\u00f3rski O\u015brodek Spotka\u0144 Ma\u0142\u017ce\u0144skich<br \/>\n<strong>Jadwiga i Zbigniew Smutek<\/strong><br \/>\ntel. 887 077 987<br \/>\ne-mail:\u00a0<a href=\"mailto:jzsmutek@spotkaniamalzenskie.pl\">jzsmutek@spotkaniamalzenskie.pl<\/a><\/p>\n<p><strong>Ks. Grzegorz Laskowski<\/strong><br \/>\ne-mail:\u00a0<a href=\"mailto:g.laskowski@diecezjazg.pl\">g.laskowski@diecezjazg.pl<\/a><\/p>\n","protected":false},"excerpt":{"rendered":"<p>Spotkania Ma\u0142\u017ce\u0144skie (popularnie zwane Dialogami Ma\u0142\u017ce\u0144skimi) s\u0105 ruchem rekolekcyjnym maj\u0105cym na celu pog\u0142\u0119bianie wi\u0119zi ma\u0142\u017ce\u0144skiej, pomoc w lepszym i g\u0142\u0119bszym zrozumieniu si\u0119 m\u0119\u017ca i \u017cony &hellip;<\/p>\n","protected":false},"author":2,"featured_media":0,"parent":0,"menu_order":0,"comment_status":"closed","ping_status":"closed","template":"","meta":{"footnotes":""},"class_list":["post-89","page","type-page","status-publish","hentry"],"_links":{"self":[{"href":"https:\/\/dlarodziny.diecezjazg.pl\/index.php\/wp-json\/wp\/v2\/pages\/89","targetHints":{"allow":["GET"]}}],"collection":[{"href":"https:\/\/dlarodziny.diecezjazg.pl\/index.php\/wp-json\/wp\/v2\/pages"}],"about":[{"href":"https:\/\/dlarodziny.diecezjazg.pl\/index.php\/wp-json\/wp\/v2\/types\/page"}],"author":[{"embeddable":true,"href":"https:\/\/dlarodziny.diecezjazg.pl\/index.php\/wp-json\/wp\/v2\/users\/2"}],"replies":[{"embeddable":true,"href":"https:\/\/dlarodziny.diecezjazg.pl\/index.php\/wp-json\/wp\/v2\/comments?post=89"}],"version-history":[{"count":5,"href":"https:\/\/dlarodziny.diecezjazg.pl\/index.php\/wp-json\/wp\/v2\/pages\/89\/revisions"}],"predecessor-version":[{"id":557,"href":"https:\/\/dlarodziny.diecezjazg.pl\/index.php\/wp-json\/wp\/v2\/pages\/89\/revisions\/557"}],"wp:attachment":[{"href":"https:\/\/dlarodziny.diecezjazg.pl\/index.php\/wp-json\/wp\/v2\/media?parent=89"}],"curies":[{"name":"wp","href":"https:\/\/api.w.org\/{rel}","templated":true}]}}