{"id":97,"date":"2022-10-16T14:37:13","date_gmt":"2022-10-16T12:37:13","guid":{"rendered":"https:\/\/dlarodziny.diecezjazg.pl\/?page_id=97"},"modified":"2022-10-16T14:37:13","modified_gmt":"2022-10-16T12:37:13","slug":"wspolnota-trudnych-malzenstw-sychar","status":"publish","type":"page","link":"https:\/\/dlarodziny.diecezjazg.pl\/index.php\/wspolnota-trudnych-malzenstw-sychar\/","title":{"rendered":"Wsp\u00f3lnota Trudnych Ma\u0142\u017ce\u0144stw SYCHAR"},"content":{"rendered":"<p><strong>Wsp\u00f3lnota Trudnych Ma\u0142\u017ce\u0144stw SYCHAR t<\/strong>o wsp\u00f3lnota, kt\u00f3rej charyzmatem jest d\u0105\u017cenie jej cz\u0142onk\u00f3w do uzdrowienia sakramentalnego ma\u0142\u017ce\u0144stwa, kt\u00f3re prze\u017cywa kryzys.<\/p>\n<p><strong>Wsp\u00f3\u0142pracuj\u0105c z Jezusem Chrystusem \u2013 Bogiem<\/strong>, w ka\u017cdej sytuacji nawet, po ludzku patrz\u0105c, beznadziejnej mo\u017cliwe jest odrodzenie ma\u0142\u017ce\u0144stwa. Dla Boga bowiem nie ma rzeczy niemo\u017cliwych.<\/p>\n<p>Prawda o mocy sakramentu oznacza, \u017ce nawet, je\u015bli ma\u0142\u017conkowie nie potrafi\u0105 ze sob\u0105 by\u0107 i odchodz\u0105 w stan separacji, czyli oddzielnego mieszkania, to ich ma\u0142\u017ce\u0144stwo \u2013 <strong>Sakramentalne Przymierze ma\u0142\u017conk\u00f3w z Bogiem<\/strong> \u2013 trwa nadal. Nadal s\u0105 m\u0119\u017cem i \u017con\u0105, i jako tacy stan\u0105 przed Bogiem. Sakrament ma\u0142\u017ce\u0144stwa jest darem Boga, kt\u00f3ry daje ma\u0142\u017conkom si\u0142\u0119 odtwarzania wsp\u00f3lnoty ma\u0142\u017ce\u0144skiej w\u0142a\u015bciwie w ka\u017cdej sytuacji.<\/p>\n<p>Wsp\u00f3lnota Trudnych Ma\u0142\u017ce\u0144stw SYCHAR jest Wsp\u00f3lnot\u0105 Wiernej Mi\u0142o\u015bci Ma\u0142\u017ce\u0144skiej, kt\u00f3r\u0105 za\u0142o\u017cyli sakramentalni ma\u0142\u017conkowie. Wsp\u00f3\u0142za\u0142o\u017cycielem Wsp\u00f3lnoty jest ks. Jan Pa\u0142yga SAC. W dniu 14 marca 2012 roku Episkopat Polski mianowa\u0142 krajowym duszpasterzem\u00a0Wsp\u00f3lnoty ks. Paw\u0142a Dubowika.<\/p>\n<p>Link do strony wsp\u00f3lnoty <a title=\"Otw\u00f3rz w nowym oknie\" href=\"http:\/\/sychar.org\/\" target=\"_blank\" rel=\"noopener\"><strong>TUTAJ<\/strong><\/a><\/p>\n","protected":false},"excerpt":{"rendered":"<p>Wsp\u00f3lnota Trudnych Ma\u0142\u017ce\u0144stw SYCHAR to wsp\u00f3lnota, kt\u00f3rej charyzmatem jest d\u0105\u017cenie jej cz\u0142onk\u00f3w do uzdrowienia sakramentalnego ma\u0142\u017ce\u0144stwa, kt\u00f3re prze\u017cywa kryzys. Wsp\u00f3\u0142pracuj\u0105c z Jezusem Chrystusem \u2013 Bogiem, &hellip;<\/p>\n","protected":false},"author":2,"featured_media":0,"parent":0,"menu_order":0,"comment_status":"closed","ping_status":"closed","template":"","meta":{"footnotes":""},"class_list":["post-97","page","type-page","status-publish","hentry"],"_links":{"self":[{"href":"https:\/\/dlarodziny.diecezjazg.pl\/index.php\/wp-json\/wp\/v2\/pages\/97","targetHints":{"allow":["GET"]}}],"collection":[{"href":"https:\/\/dlarodziny.diecezjazg.pl\/index.php\/wp-json\/wp\/v2\/pages"}],"about":[{"href":"https:\/\/dlarodziny.diecezjazg.pl\/index.php\/wp-json\/wp\/v2\/types\/page"}],"author":[{"embeddable":true,"href":"https:\/\/dlarodziny.diecezjazg.pl\/index.php\/wp-json\/wp\/v2\/users\/2"}],"replies":[{"embeddable":true,"href":"https:\/\/dlarodziny.diecezjazg.pl\/index.php\/wp-json\/wp\/v2\/comments?post=97"}],"version-history":[{"count":1,"href":"https:\/\/dlarodziny.diecezjazg.pl\/index.php\/wp-json\/wp\/v2\/pages\/97\/revisions"}],"predecessor-version":[{"id":99,"href":"https:\/\/dlarodziny.diecezjazg.pl\/index.php\/wp-json\/wp\/v2\/pages\/97\/revisions\/99"}],"wp:attachment":[{"href":"https:\/\/dlarodziny.diecezjazg.pl\/index.php\/wp-json\/wp\/v2\/media?parent=97"}],"curies":[{"name":"wp","href":"https:\/\/api.w.org\/{rel}","templated":true}]}}

Wspólnota Trudnych Małżeństw SYCHAR

<p><strong>Wspólnota Trudnych Małżeństw SYCHAR t</strong>o wspólnota, której charyzmatem jest dążenie jej członków do uzdrowienia sakramentalnego małżeństwa, które przeżywa kryzys.</p>
<p><strong>Współpracując z Jezusem Chrystusem – Bogiem</strong>, w każdej sytuacji nawet, po ludzku patrząc, beznadziejnej możliwe jest odrodzenie małżeństwa. Dla Boga bowiem nie ma rzeczy niemożliwych.</p>
<p>Prawda o mocy sakramentu oznacza, że nawet, jeśli małżonkowie nie potrafią ze sobą być i odchodzą w stan separacji, czyli oddzielnego mieszkania, to ich małżeństwo – <strong>Sakramentalne Przymierze małżonków z Bogiem</strong> – trwa nadal. Nadal są mężem i żoną, i jako tacy staną przed Bogiem. Sakrament małżeństwa jest darem Boga, który daje małżonkom siłę odtwarzania wspólnoty małżeńskiej właściwie w każdej sytuacji.</p>
<p>Wspólnota Trudnych Małżeństw SYCHAR jest Wspólnotą Wiernej Miłości Małżeńskiej, którą założyli sakramentalni małżonkowie. Współzałożycielem Wspólnoty jest ks. Jan Pałyga SAC. W dniu 14 marca 2012 roku Episkopat Polski mianował krajowym duszpasterzem Wspólnoty ks. Pawła Dubowika.</p>
<p>Link do strony wspólnoty <a title="Otwórz w nowym oknie" href="http://sychar.org/" target="_blank" rel="noopener"><strong>TUTAJ</strong></a></p>

<p>Wspólnota Trudnych Małżeństw SYCHAR to wspólnota, której charyzmatem jest dążenie jej członków do uzdrowienia sakramentalnego małżeństwa, które przeżywa kryzys. Współpracując z Jezusem Chrystusem – Bogiem, &hellip;</p>
